{"id":26,"date":"2020-06-10T09:09:57","date_gmt":"2020-06-10T09:09:57","guid":{"rendered":"https:\/\/lyy.ch\/?page_id=26"},"modified":"2020-06-28T18:59:21","modified_gmt":"2020-06-28T18:59:21","slug":"startseite","status":"publish","type":"page","link":"https:\/\/lyy.ch\/","title":{"rendered":"100 Tage durch Europa"},"content":{"rendered":"\n<p>Ich bin am 3. Juni zu einer 100-t\u00e4gigen Tour rund um Europa gestartet. Wo genau es mich hinziehen wird, ist noch offen.<\/p>\n\n\n\n<p>Hier gehts zum ersten Beitrag:<\/p>\n\n\n\n<figure class=\"wp-block-embed-wordpress wp-block-embed is-type-wp-embed is-provider-lyy-ch\"><div class=\"wp-block-embed__wrapper\">\n<blockquote class=\"wp-embedded-content\" data-secret=\"qsC61cdnAD\"><a href=\"https:\/\/lyy.ch\/?p=32\">3.6.2020 Dentenberg (Tag 1, 32km)<\/a><\/blockquote><iframe loading=\"lazy\" class=\"wp-embedded-content\" sandbox=\"allow-scripts\" security=\"restricted\" style=\"position: absolute; visibility: hidden;\" title=\"&#8222;3.6.2020 Dentenberg (Tag 1, 32km)&#8220; &#8211; lyy.ch\" src=\"https:\/\/lyy.ch\/?p=32&#038;embed=true#?secret=y14DahZQ40#?secret=qsC61cdnAD\" data-secret=\"qsC61cdnAD\" width=\"525\" height=\"296\" frameborder=\"0\" marginwidth=\"0\" marginheight=\"0\" scrolling=\"no\"><\/iframe>\n<\/div><\/figure>\n\n\n\n<p>Und hier noch einen Link zu einer Google Maps Karte, da sieht man die genaue Route, welche ich bisher geradelt bin. Anscheinend gibt es noch Probleme mit dem iPhone welche direkt das Google Maps App \u00f6ffnen. Werde versuchen die Karte direkt einzubinden in diese Seite, leider hats noch nicht geklappt.<\/p>\n\n\n\n<p><a href=\"https:\/\/www.google.com\/maps\/d\/viewer?mid=1WIm3egsQiAoW_TM6O2qZRaSDz-p_-vH8\">https:\/\/www.google.com\/maps\/d\/viewer?mid=1WIm3egsQiAoW_TM6O2qZRaSDz-p_-vH8<\/a><\/p>\n\n\n\n<p>Gebt mir Feedback \u00fcber diesen Blog! Kommentare sind sehr erw\u00fcnscht. Was fehlt, was k\u00f6nnte ich verbessern. Aber bitte keine Kommentare bez\u00fcglich Rechtschreibung, Zeichensetzung und Grammatik! Die meisten von euch wissen, dass ich mit Zahlen besser umgehen kann als mit Buchstaben \ud83d\ude09<\/p>\n","protected":false},"excerpt":{"rendered":"<p>Ich bin am 3. Juni zu einer 100-t\u00e4gigen Tour rund um Europa gestartet. Wo genau es mich hinziehen wird, ist noch offen. Hier gehts zum ersten Beitrag: Und hier noch einen Link zu einer Google Maps Karte, da sieht man die genaue Route, welche ich bisher geradelt bin. Anscheinend gibt es noch Probleme mit dem &hellip; <\/p>\n<p class=\"link-more\"><a href=\"https:\/\/lyy.ch\/\" class=\"more-link\"><span class=\"screen-reader-text\">\u201e100 Tage durch Europa\u201c <\/span>weiterlesen<\/a><\/p>\n","protected":false},"author":1,"featured_media":0,"parent":0,"menu_order":0,"comment_status":"closed","ping_status":"closed","template":"","meta":{"_monsterinsights_skip_tracking":false,"_monsterinsights_sitenote_active":false,"_monsterinsights_sitenote_note":"","_monsterinsights_sitenote_category":0,"footnotes":""},"class_list":["post-26","page","type-page","status-publish","hentry"],"_links":{"self":[{"href":"https:\/\/lyy.ch\/index.php?rest_route=\/wp\/v2\/pages\/26","targetHints":{"allow":["GET"]}}],"collection":[{"href":"https:\/\/lyy.ch\/index.php?rest_route=\/wp\/v2\/pages"}],"about":[{"href":"https:\/\/lyy.ch\/index.php?rest_route=\/wp\/v2\/types\/page"}],"author":[{"embeddable":true,"href":"https:\/\/lyy.ch\/index.php?rest_route=\/wp\/v2\/users\/1"}],"replies":[{"embeddable":true,"href":"https:\/\/lyy.ch\/index.php?rest_route=%2Fwp%2Fv2%2Fcomments&post=26"}],"version-history":[{"count":5,"href":"https:\/\/lyy.ch\/index.php?rest_route=\/wp\/v2\/pages\/26\/revisions"}],"predecessor-version":[{"id":485,"href":"https:\/\/lyy.ch\/index.php?rest_route=\/wp\/v2\/pages\/26\/revisions\/485"}],"wp:attachment":[{"href":"https:\/\/lyy.ch\/index.php?rest_route=%2Fwp%2Fv2%2Fmedia&parent=26"}],"curies":[{"name":"wp","href":"https:\/\/api.w.org\/{rel}","templated":true}]}}

<p>Ich bin am 3. Juni zu einer 100-tägigen Tour rund um Europa gestartet. Wo genau es mich hinziehen wird, ist noch offen.</p>



<p>Hier gehts zum ersten Beitrag:</p>



<figure class="wp-block-embed-wordpress wp-block-embed is-type-wp-embed is-provider-lyy-ch"><div class="wp-block-embed__wrapper">
<blockquote class="wp-embedded-content" data-secret="qsC61cdnAD"><a href="https://lyy.ch/?p=32">3.6.2020 Dentenberg (Tag 1, 32km)</a></blockquote><iframe loading="lazy" class="wp-embedded-content" sandbox="allow-scripts" security="restricted" style="position: absolute; visibility: hidden;" title="&#8222;3.6.2020 Dentenberg (Tag 1, 32km)&#8220; &#8211; lyy.ch" src="https://lyy.ch/?p=32&#038;embed=true#?secret=y14DahZQ40#?secret=qsC61cdnAD" data-secret="qsC61cdnAD" width="525" height="296" frameborder="0" marginwidth="0" marginheight="0" scrolling="no"></iframe>
</div></figure>



<p>Und hier noch einen Link zu einer Google Maps Karte, da sieht man die genaue Route, welche ich bisher geradelt bin. Anscheinend gibt es noch Probleme mit dem iPhone welche direkt das Google Maps App öffnen. Werde versuchen die Karte direkt einzubinden in diese Seite, leider hats noch nicht geklappt.</p>



<p><a href="https://www.google.com/maps/d/viewer?mid=1WIm3egsQiAoW_TM6O2qZRaSDz-p_-vH8">https://www.google.com/maps/d/viewer?mid=1WIm3egsQiAoW_TM6O2qZRaSDz-p_-vH8</a></p>



<p>Gebt mir Feedback über diesen Blog! Kommentare sind sehr erwünscht. Was fehlt, was könnte ich verbessern. Aber bitte keine Kommentare bezüglich Rechtschreibung, Zeichensetzung und Grammatik! Die meisten von euch wissen, dass ich mit Zahlen besser umgehen kann als mit Buchstaben 😉</p>

<p>Ich bin am 3. Juni zu einer 100-tägigen Tour rund um Europa gestartet. Wo genau es mich hinziehen wird, ist noch offen. Hier gehts zum ersten Beitrag: Und hier noch einen Link zu einer Google Maps Karte, da sieht man die genaue Route, welche ich bisher geradelt bin. Anscheinend gibt es noch Probleme mit dem &hellip; </p>
<p class="link-more"><a href="https://lyy.ch/" class="more-link"><span class="screen-reader-text">„100 Tage durch Europa“ </span>weiterlesen</a></p>
